{"id":236,"date":"2021-08-12T12:32:23","date_gmt":"2021-08-12T15:32:23","guid":{"rendered":"http:\/\/www.dralexandregurgel.com.br\/w\/?page_id=236"},"modified":"2021-08-12T12:32:23","modified_gmt":"2021-08-12T15:32:23","slug":"tratamento-com-celulas-tronco-na-medicina-veterinaria","status":"publish","type":"page","link":"https:\/\/www.dralexandregurgel.com.br\/w\/tratamento-com-celulas-tronco-na-medicina-veterinaria\/","title":{"rendered":"TRATAMENTO COM C\u00c9LULAS TRONCO NA MEDICINA VETERIN\u00c1RIA"},"content":{"rendered":"\n<p>As c\u00e9lulas tronco s\u00e3o c\u00e9lulas indiferenciadas, com alta capacidade de autorrenova\u00e7\u00e3o e de originar v\u00e1rios outros tipos de c\u00e9lulas de diferentes tecidos e \u00f3rg\u00e3os. Por esse motivo s\u00e3o c\u00e9lulas que tem o potencial de recompor tecidos danificados, podendo auxiliar no tratamento de in\u00fameras doen\u00e7as.<\/p>\n\n\n\n<p>Elas podem ser divididas em dois grupos de acordo com sua origem: c\u00e9lulas tronco embrion\u00e1rias (obtidas durante a fase embrion\u00e1ria do animal) ou c\u00e9lulas tronco adultas (obtidas de tecidos adultos formados).<\/p>\n\n\n\n<p>Na medicina veterin\u00e1ria, as c\u00e9lulas tronco mais utilizadas s\u00e3o as mesenquimais (CTM), que s\u00e3o c\u00e9lulas tronco adultas que podem ser obtidas de diversas fontes, como polpa dent\u00e1ria, tecido adiposo, etc.<\/p>\n\n\n\n<p>O tratamento pode ser feito com c\u00e9lulas de um banco de animais doadores ou coletadas do tecido adiposo do pr\u00f3prio paciente. A coleta das c\u00e9lulas \u00e9&nbsp; realizada com anestesia local,e as posteriores aplica\u00e7\u00f5es s\u00e3o por via endovenosa. S\u00e3o procedimentos simples e praticamente indolores para o animal. Em geral s\u00e3o realizadas de 1 a 3 aplica\u00e7\u00f5es de c\u00e9lulas tronco com intervalo m\u00e9dio de 30 dias entre cada uma.<\/p>\n\n\n\n<p>Entre as doen\u00e7as que podem ser tratadas com o uso das c\u00e9lulas tronco est\u00e3o: sequelas da cinomose, osteoartrites e osteoartroses, fraturas \u00f3sseas, les\u00f5es em tend\u00f5es e ligamentos, aplasia e hipoplasia de medula, doen\u00e7a renal, ceratoconjuntivite seca, \u00falcera de c\u00f3rnea, traumas medulares e dermatite at\u00f3pica. Quando devidamente utilizada, a terapia com c\u00e9lulas tronco apresenta resultados que podem variar desde uma melhora na qualidade de vida do animal at\u00e9 a cura em alguns casos.<\/p>\n","protected":false},"excerpt":{"rendered":"<p>As c\u00e9lulas tronco s\u00e3o c\u00e9lulas indiferenciadas, com alta capacidade de autorrenova\u00e7\u00e3o e de originar v\u00e1rios outros tipos de c\u00e9lulas de diferentes tecidos e \u00f3rg\u00e3os. Por<\/p>\n<div class=\"read-more-wrapper\"><a class=\"link small\" href=\"https:\/\/www.dralexandregurgel.com.br\/w\/tratamento-com-celulas-tronco-na-medicina-veterinaria\/\" role=\"button\">Read more<span class=\"nc-icon-glyph arrows-1_bold-right\"><\/span><\/a><\/div>\n","protected":false},"author":1,"featured_media":0,"parent":0,"menu_order":0,"comment_status":"closed","ping_status":"closed","template":"","meta":[],"yoast_head":"<!-- This site is optimized with the Yoast SEO plugin v20.7 - https:\/\/yoast.com\/wordpress\/plugins\/seo\/ -->\n<title>TRATAMENTO COM C\u00c9LULAS TRONCO NA MEDICINA VETERIN\u00c1RIA | Espa\u00e7o Veterin\u00e1rio Dr. Alexandre Gurgel<\/title>\n<meta name=\"robots\" content=\"index, follow, max-snippet:-1, max-image-preview:large, max-video-preview:-1\" \/>\n<link rel=\"canonical\" href=\"https:\/\/www.dralexandregurgel.com.br\/w\/tratamento-com-celulas-tronco-na-medicina-veterinaria\/\" \/>\n<meta property=\"og:locale\" content=\"pt_BR\" \/>\n<meta property=\"og:type\" content=\"article\" \/>\n<meta property=\"og:title\" content=\"TRATAMENTO COM C\u00c9LULAS TRONCO NA MEDICINA VETERIN\u00c1RIA | Espa\u00e7o Veterin\u00e1rio Dr. Alexandre Gurgel\" \/>\n<meta property=\"og:description\" content=\"As c\u00e9lulas tronco s\u00e3o c\u00e9lulas indiferenciadas, com alta capacidade de autorrenova\u00e7\u00e3o e de originar v\u00e1rios outros tipos de c\u00e9lulas de diferentes tecidos e \u00f3rg\u00e3os. PorRead more\" \/>\n<meta property=\"og:url\" content=\"https:\/\/www.dralexandregurgel.com.br\/w\/tratamento-com-celulas-tronco-na-medicina-veterinaria\/\" \/>\n<meta property=\"og:site_name\" content=\"Espa\u00e7o Veterin\u00e1rio Dr. Alexandre Gurgel\" \/>\n<meta property=\"article:publisher\" content=\"https:\/\/www.facebook.com\/Drgurgel\/\" \/>\n<meta property=\"og:image\" content=\"https:\/\/www.dralexandregurgel.com.br\/w\/wp-content\/uploads\/2021\/06\/cropped-logo_DrAlexandre.png\" \/>\n\t<meta property=\"og:image:width\" content=\"218\" \/>\n\t<meta property=\"og:image:height\" content=\"80\" \/>\n\t<meta property=\"og:image:type\" content=\"image\/png\" \/>\n<meta name=\"twitter:card\" content=\"summary_large_image\" \/>\n<meta name=\"twitter:label1\" content=\"Est. tempo de leitura\" \/>\n\t<meta name=\"twitter:data1\" content=\"1 minuto\" \/>\n<script type=\"application\/ld+json\" class=\"yoast-schema-graph\">{\"@context\":\"https:\/\/schema.org\",\"@graph\":[{\"@type\":\"WebPage\",\"@id\":\"https:\/\/www.dralexandregurgel.com.br\/w\/tratamento-com-celulas-tronco-na-medicina-veterinaria\/\",\"url\":\"https:\/\/www.dralexandregurgel.com.br\/w\/tratamento-com-celulas-tronco-na-medicina-veterinaria\/\",\"name\":\"TRATAMENTO COM C\u00c9LULAS TRONCO NA MEDICINA VETERIN\u00c1RIA | Espa\u00e7o Veterin\u00e1rio Dr. Alexandre Gurgel\",\"isPartOf\":{\"@id\":\"https:\/\/www.dralexandregurgel.com.br\/w\/#website\"},\"datePublished\":\"2021-08-12T15:32:23+00:00\",\"dateModified\":\"2021-08-12T15:32:23+00:00\",\"breadcrumb\":{\"@id\":\"https:\/\/www.dralexandregurgel.com.br\/w\/tratamento-com-celulas-tronco-na-medicina-veterinaria\/#breadcrumb\"},\"inLanguage\":\"pt-BR\",\"potentialAction\":[{\"@type\":\"ReadAction\",\"target\":[\"https:\/\/www.dralexandregurgel.com.br\/w\/tratamento-com-celulas-tronco-na-medicina-veterinaria\/\"]}]},{\"@type\":\"BreadcrumbList\",\"@id\":\"https:\/\/www.dralexandregurgel.com.br\/w\/tratamento-com-celulas-tronco-na-medicina-veterinaria\/#breadcrumb\",\"itemListElement\":[{\"@type\":\"ListItem\",\"position\":1,\"name\":\"In\u00edcio\",\"item\":\"https:\/\/www.dralexandregurgel.com.br\/w\/\"},{\"@type\":\"ListItem\",\"position\":2,\"name\":\"TRATAMENTO COM C\u00c9LULAS TRONCO NA MEDICINA VETERIN\u00c1RIA\"}]},{\"@type\":\"WebSite\",\"@id\":\"https:\/\/www.dralexandregurgel.com.br\/w\/#website\",\"url\":\"https:\/\/www.dralexandregurgel.com.br\/w\/\",\"name\":\"Espa\u00e7o Veterin\u00e1rio Dr. Alexandre Gurgel\",\"description\":\"Atendemos Silvestres\",\"publisher\":{\"@id\":\"https:\/\/www.dralexandregurgel.com.br\/w\/#organization\"},\"potentialAction\":[{\"@type\":\"SearchAction\",\"target\":{\"@type\":\"EntryPoint\",\"urlTemplate\":\"https:\/\/www.dralexandregurgel.com.br\/w\/?s={search_term_string}\"},\"query-input\":\"required name=search_term_string\"}],\"inLanguage\":\"pt-BR\"},{\"@type\":\"Organization\",\"@id\":\"https:\/\/www.dralexandregurgel.com.br\/w\/#organization\",\"name\":\"Espa\u00e7o Veterin\u00e1rio Dr Alexandre Gurgel\",\"url\":\"https:\/\/www.dralexandregurgel.com.br\/w\/\",\"logo\":{\"@type\":\"ImageObject\",\"inLanguage\":\"pt-BR\",\"@id\":\"https:\/\/www.dralexandregurgel.com.br\/w\/#\/schema\/logo\/image\/\",\"url\":\"http:\/\/www.dralexandregurgel.com.br\/w\/wp-content\/uploads\/2021\/06\/cropped-logo_DrAlexandre.png\",\"contentUrl\":\"http:\/\/www.dralexandregurgel.com.br\/w\/wp-content\/uploads\/2021\/06\/cropped-logo_DrAlexandre.png\",\"width\":218,\"height\":80,\"caption\":\"Espa\u00e7o Veterin\u00e1rio Dr Alexandre Gurgel\"},\"image\":{\"@id\":\"https:\/\/www.dralexandregurgel.com.br\/w\/#\/schema\/logo\/image\/\"},\"sameAs\":[\"https:\/\/www.facebook.com\/Drgurgel\/\"]}]}<\/script>\n<!-- \/ Yoast SEO plugin. -->","yoast_head_json":{"title":"TRATAMENTO COM C\u00c9LULAS TRONCO NA MEDICINA VETERIN\u00c1RIA | Espa\u00e7o Veterin\u00e1rio Dr. Alexandre Gurgel","robots":{"index":"index","follow":"follow","max-snippet":"max-snippet:-1","max-image-preview":"max-image-preview:large","max-video-preview":"max-video-preview:-1"},"canonical":"https:\/\/www.dralexandregurgel.com.br\/w\/tratamento-com-celulas-tronco-na-medicina-veterinaria\/","og_locale":"pt_BR","og_type":"article","og_title":"TRATAMENTO COM C\u00c9LULAS TRONCO NA MEDICINA VETERIN\u00c1RIA | Espa\u00e7o Veterin\u00e1rio Dr. Alexandre Gurgel","og_description":"As c\u00e9lulas tronco s\u00e3o c\u00e9lulas indiferenciadas, com alta capacidade de autorrenova\u00e7\u00e3o e de originar v\u00e1rios outros tipos de c\u00e9lulas de diferentes tecidos e \u00f3rg\u00e3os. PorRead more","og_url":"https:\/\/www.dralexandregurgel.com.br\/w\/tratamento-com-celulas-tronco-na-medicina-veterinaria\/","og_site_name":"Espa\u00e7o Veterin\u00e1rio Dr. Alexandre Gurgel","article_publisher":"https:\/\/www.facebook.com\/Drgurgel\/","og_image":[{"width":218,"height":80,"url":"https:\/\/www.dralexandregurgel.com.br\/w\/wp-content\/uploads\/2021\/06\/cropped-logo_DrAlexandre.png","type":"image\/png"}],"twitter_card":"summary_large_image","twitter_misc":{"Est. tempo de leitura":"1 minuto"},"schema":{"@context":"https:\/\/schema.org","@graph":[{"@type":"WebPage","@id":"https:\/\/www.dralexandregurgel.com.br\/w\/tratamento-com-celulas-tronco-na-medicina-veterinaria\/","url":"https:\/\/www.dralexandregurgel.com.br\/w\/tratamento-com-celulas-tronco-na-medicina-veterinaria\/","name":"TRATAMENTO COM C\u00c9LULAS TRONCO NA MEDICINA VETERIN\u00c1RIA | Espa\u00e7o Veterin\u00e1rio Dr. Alexandre Gurgel","isPartOf":{"@id":"https:\/\/www.dralexandregurgel.com.br\/w\/#website"},"datePublished":"2021-08-12T15:32:23+00:00","dateModified":"2021-08-12T15:32:23+00:00","breadcrumb":{"@id":"https:\/\/www.dralexandregurgel.com.br\/w\/tratamento-com-celulas-tronco-na-medicina-veterinaria\/#breadcrumb"},"inLanguage":"pt-BR","potentialAction":[{"@type":"ReadAction","target":["https:\/\/www.dralexandregurgel.com.br\/w\/tratamento-com-celulas-tronco-na-medicina-veterinaria\/"]}]},{"@type":"BreadcrumbList","@id":"https:\/\/www.dralexandregurgel.com.br\/w\/tratamento-com-celulas-tronco-na-medicina-veterinaria\/#breadcrumb","itemListElement":[{"@type":"ListItem","position":1,"name":"In\u00edcio","item":"https:\/\/www.dralexandregurgel.com.br\/w\/"},{"@type":"ListItem","position":2,"name":"TRATAMENTO COM C\u00c9LULAS TRONCO NA MEDICINA VETERIN\u00c1RIA"}]},{"@type":"WebSite","@id":"https:\/\/www.dralexandregurgel.com.br\/w\/#website","url":"https:\/\/www.dralexandregurgel.com.br\/w\/","name":"Espa\u00e7o Veterin\u00e1rio Dr. Alexandre Gurgel","description":"Atendemos Silvestres","publisher":{"@id":"https:\/\/www.dralexandregurgel.com.br\/w\/#organization"},"potentialAction":[{"@type":"SearchAction","target":{"@type":"EntryPoint","urlTemplate":"https:\/\/www.dralexandregurgel.com.br\/w\/?s={search_term_string}"},"query-input":"required name=search_term_string"}],"inLanguage":"pt-BR"},{"@type":"Organization","@id":"https:\/\/www.dralexandregurgel.com.br\/w\/#organization","name":"Espa\u00e7o Veterin\u00e1rio Dr Alexandre Gurgel","url":"https:\/\/www.dralexandregurgel.com.br\/w\/","logo":{"@type":"ImageObject","inLanguage":"pt-BR","@id":"https:\/\/www.dralexandregurgel.com.br\/w\/#\/schema\/logo\/image\/","url":"http:\/\/www.dralexandregurgel.com.br\/w\/wp-content\/uploads\/2021\/06\/cropped-logo_DrAlexandre.png","contentUrl":"http:\/\/www.dralexandregurgel.com.br\/w\/wp-content\/uploads\/2021\/06\/cropped-logo_DrAlexandre.png","width":218,"height":80,"caption":"Espa\u00e7o Veterin\u00e1rio Dr Alexandre Gurgel"},"image":{"@id":"https:\/\/www.dralexandregurgel.com.br\/w\/#\/schema\/logo\/image\/"},"sameAs":["https:\/\/www.facebook.com\/Drgurgel\/"]}]}},"_links":{"self":[{"href":"https:\/\/www.dralexandregurgel.com.br\/w\/wp-json\/wp\/v2\/pages\/236"}],"collection":[{"href":"https:\/\/www.dralexandregurgel.com.br\/w\/wp-json\/wp\/v2\/pages"}],"about":[{"href":"https:\/\/www.dralexandregurgel.com.br\/w\/wp-json\/wp\/v2\/types\/page"}],"author":[{"embeddable":true,"href":"https:\/\/www.dralexandregurgel.com.br\/w\/wp-json\/wp\/v2\/users\/1"}],"replies":[{"embeddable":true,"href":"https:\/\/www.dralexandregurgel.com.br\/w\/wp-json\/wp\/v2\/comments?post=236"}],"version-history":[{"count":1,"href":"https:\/\/www.dralexandregurgel.com.br\/w\/wp-json\/wp\/v2\/pages\/236\/revisions"}],"predecessor-version":[{"id":237,"href":"https:\/\/www.dralexandregurgel.com.br\/w\/wp-json\/wp\/v2\/pages\/236\/revisions\/237"}],"wp:attachment":[{"href":"https:\/\/www.dralexandregurgel.com.br\/w\/wp-json\/wp\/v2\/media?parent=236"}],"curies":[{"name":"wp","href":"https:\/\/api.w.org\/{rel}","templated":true}]}}