{"id":16,"date":"2021-05-22T23:42:36","date_gmt":"2021-05-23T02:42:36","guid":{"rendered":"http:\/\/www.dralexandregurgel.com.br\/w\/?page_id=16"},"modified":"2021-08-13T16:59:34","modified_gmt":"2021-08-13T19:59:34","slug":"atendimentos","status":"publish","type":"page","link":"https:\/\/www.dralexandregurgel.com.br\/w\/atendimentos\/","title":{"rendered":"Nossos Servi\u00e7os"},"content":{"rendered":"\n<figure class=\"wp-block-pullquote\"><blockquote><p><strong>Cl\u00ednica Geral<br><\/strong>Consultas, vacinas importadas, check-up e coleta de exames laboratoriais.<\/p><\/blockquote><\/figure>\n\n\n\n<figure class=\"wp-block-pullquote\"><blockquote><p><strong>Cirurgia<br><\/strong>Castra\u00e7\u00f5es, cirurgias gerais e cirurgias ortop\u00e9dicas.<\/p><\/blockquote><\/figure>\n\n\n\n<figure class=\"wp-block-pullquote\"><blockquote><p><strong>Silvestres<br><\/strong>Al\u00e9m de c\u00e3es e gatos, somos especializados em cl\u00ednica e cirurgia de animais silvestres, como roedores, r\u00e9pteis, aves, entre outros.<\/p><\/blockquote><\/figure>\n\n\n\n<figure class=\"wp-block-pullquote\"><blockquote><p><strong>C\u00e9lulas tronco<br><\/strong>Uso de c\u00e9lulas tronco mesenquimais no tratamento e controle de diversas patologias, tanto agudas como cr\u00f4nicas.<\/p><\/blockquote><\/figure>\n","protected":false},"excerpt":{"rendered":"<p>Cl\u00ednica GeralConsultas, vacinas importadas, check-up e coleta de exames laboratoriais. CirurgiaCastra\u00e7\u00f5es, cirurgias gerais e cirurgias ortop\u00e9dicas. SilvestresAl\u00e9m de c\u00e3es e gatos, somos especializados em cl\u00ednica<\/p>\n<div class=\"read-more-wrapper\"><a class=\"link small\" href=\"https:\/\/www.dralexandregurgel.com.br\/w\/atendimentos\/\" role=\"button\">Read more<span class=\"nc-icon-glyph arrows-1_bold-right\"><\/span><\/a><\/div>\n","protected":false},"author":1,"featured_media":0,"parent":0,"menu_order":0,"comment_status":"closed","ping_status":"closed","template":"","meta":[],"yoast_head":"<!-- This site is optimized with the Yoast SEO plugin v20.7 - https:\/\/yoast.com\/wordpress\/plugins\/seo\/ -->\n<title>Nossos Servi\u00e7os | Espa\u00e7o Veterin\u00e1rio Dr. Alexandre Gurgel<\/title>\n<meta name=\"robots\" content=\"index, follow, max-snippet:-1, max-image-preview:large, max-video-preview:-1\" \/>\n<link rel=\"canonical\" href=\"https:\/\/www.dralexandregurgel.com.br\/w\/atendimentos\/\" \/>\n<meta property=\"og:locale\" content=\"pt_BR\" \/>\n<meta property=\"og:type\" content=\"article\" \/>\n<meta property=\"og:title\" content=\"Nossos Servi\u00e7os | Espa\u00e7o Veterin\u00e1rio Dr. Alexandre Gurgel\" \/>\n<meta property=\"og:description\" content=\"Cl\u00ednica GeralConsultas, vacinas importadas, check-up e coleta de exames laboratoriais. CirurgiaCastra\u00e7\u00f5es, cirurgias gerais e cirurgias ortop\u00e9dicas. SilvestresAl\u00e9m de c\u00e3es e gatos, somos especializados em cl\u00ednicaRead more\" \/>\n<meta property=\"og:url\" content=\"https:\/\/www.dralexandregurgel.com.br\/w\/atendimentos\/\" \/>\n<meta property=\"og:site_name\" content=\"Espa\u00e7o Veterin\u00e1rio Dr. Alexandre Gurgel\" \/>\n<meta property=\"article:publisher\" content=\"https:\/\/www.facebook.com\/Drgurgel\/\" \/>\n<meta property=\"article:modified_time\" content=\"2021-08-13T19:59:34+00:00\" \/>\n<meta property=\"og:image\" content=\"https:\/\/www.dralexandregurgel.com.br\/w\/wp-content\/uploads\/2021\/06\/cropped-logo_DrAlexandre.png\" \/>\n\t<meta property=\"og:image:width\" content=\"218\" \/>\n\t<meta property=\"og:image:height\" content=\"80\" \/>\n\t<meta property=\"og:image:type\" content=\"image\/png\" \/>\n<meta name=\"twitter:card\" content=\"summary_large_image\" \/>\n<meta name=\"twitter:label1\" content=\"Est. tempo de leitura\" \/>\n\t<meta name=\"twitter:data1\" content=\"1 minuto\" \/>\n<script type=\"application\/ld+json\" class=\"yoast-schema-graph\">{\"@context\":\"https:\/\/schema.org\",\"@graph\":[{\"@type\":\"WebPage\",\"@id\":\"https:\/\/www.dralexandregurgel.com.br\/w\/atendimentos\/\",\"url\":\"https:\/\/www.dralexandregurgel.com.br\/w\/atendimentos\/\",\"name\":\"Nossos Servi\u00e7os | Espa\u00e7o Veterin\u00e1rio Dr. Alexandre Gurgel\",\"isPartOf\":{\"@id\":\"https:\/\/www.dralexandregurgel.com.br\/w\/#website\"},\"datePublished\":\"2021-05-23T02:42:36+00:00\",\"dateModified\":\"2021-08-13T19:59:34+00:00\",\"breadcrumb\":{\"@id\":\"https:\/\/www.dralexandregurgel.com.br\/w\/atendimentos\/#breadcrumb\"},\"inLanguage\":\"pt-BR\",\"potentialAction\":[{\"@type\":\"ReadAction\",\"target\":[\"https:\/\/www.dralexandregurgel.com.br\/w\/atendimentos\/\"]}]},{\"@type\":\"BreadcrumbList\",\"@id\":\"https:\/\/www.dralexandregurgel.com.br\/w\/atendimentos\/#breadcrumb\",\"itemListElement\":[{\"@type\":\"ListItem\",\"position\":1,\"name\":\"In\u00edcio\",\"item\":\"https:\/\/www.dralexandregurgel.com.br\/w\/\"},{\"@type\":\"ListItem\",\"position\":2,\"name\":\"Nossos Servi\u00e7os\"}]},{\"@type\":\"WebSite\",\"@id\":\"https:\/\/www.dralexandregurgel.com.br\/w\/#website\",\"url\":\"https:\/\/www.dralexandregurgel.com.br\/w\/\",\"name\":\"Espa\u00e7o Veterin\u00e1rio Dr. Alexandre Gurgel\",\"description\":\"Atendemos Silvestres\",\"publisher\":{\"@id\":\"https:\/\/www.dralexandregurgel.com.br\/w\/#organization\"},\"potentialAction\":[{\"@type\":\"SearchAction\",\"target\":{\"@type\":\"EntryPoint\",\"urlTemplate\":\"https:\/\/www.dralexandregurgel.com.br\/w\/?s={search_term_string}\"},\"query-input\":\"required name=search_term_string\"}],\"inLanguage\":\"pt-BR\"},{\"@type\":\"Organization\",\"@id\":\"https:\/\/www.dralexandregurgel.com.br\/w\/#organization\",\"name\":\"Espa\u00e7o Veterin\u00e1rio Dr Alexandre Gurgel\",\"url\":\"https:\/\/www.dralexandregurgel.com.br\/w\/\",\"logo\":{\"@type\":\"ImageObject\",\"inLanguage\":\"pt-BR\",\"@id\":\"https:\/\/www.dralexandregurgel.com.br\/w\/#\/schema\/logo\/image\/\",\"url\":\"http:\/\/www.dralexandregurgel.com.br\/w\/wp-content\/uploads\/2021\/06\/cropped-logo_DrAlexandre.png\",\"contentUrl\":\"http:\/\/www.dralexandregurgel.com.br\/w\/wp-content\/uploads\/2021\/06\/cropped-logo_DrAlexandre.png\",\"width\":218,\"height\":80,\"caption\":\"Espa\u00e7o Veterin\u00e1rio Dr Alexandre Gurgel\"},\"image\":{\"@id\":\"https:\/\/www.dralexandregurgel.com.br\/w\/#\/schema\/logo\/image\/\"},\"sameAs\":[\"https:\/\/www.facebook.com\/Drgurgel\/\"]}]}<\/script>\n<!-- \/ Yoast SEO plugin. -->","yoast_head_json":{"title":"Nossos Servi\u00e7os | Espa\u00e7o Veterin\u00e1rio Dr. Alexandre Gurgel","robots":{"index":"index","follow":"follow","max-snippet":"max-snippet:-1","max-image-preview":"max-image-preview:large","max-video-preview":"max-video-preview:-1"},"canonical":"https:\/\/www.dralexandregurgel.com.br\/w\/atendimentos\/","og_locale":"pt_BR","og_type":"article","og_title":"Nossos Servi\u00e7os | Espa\u00e7o Veterin\u00e1rio Dr. Alexandre Gurgel","og_description":"Cl\u00ednica GeralConsultas, vacinas importadas, check-up e coleta de exames laboratoriais. CirurgiaCastra\u00e7\u00f5es, cirurgias gerais e cirurgias ortop\u00e9dicas. SilvestresAl\u00e9m de c\u00e3es e gatos, somos especializados em cl\u00ednicaRead more","og_url":"https:\/\/www.dralexandregurgel.com.br\/w\/atendimentos\/","og_site_name":"Espa\u00e7o Veterin\u00e1rio Dr. Alexandre Gurgel","article_publisher":"https:\/\/www.facebook.com\/Drgurgel\/","article_modified_time":"2021-08-13T19:59:34+00:00","og_image":[{"width":218,"height":80,"url":"https:\/\/www.dralexandregurgel.com.br\/w\/wp-content\/uploads\/2021\/06\/cropped-logo_DrAlexandre.png","type":"image\/png"}],"twitter_card":"summary_large_image","twitter_misc":{"Est. tempo de leitura":"1 minuto"},"schema":{"@context":"https:\/\/schema.org","@graph":[{"@type":"WebPage","@id":"https:\/\/www.dralexandregurgel.com.br\/w\/atendimentos\/","url":"https:\/\/www.dralexandregurgel.com.br\/w\/atendimentos\/","name":"Nossos Servi\u00e7os | Espa\u00e7o Veterin\u00e1rio Dr. Alexandre Gurgel","isPartOf":{"@id":"https:\/\/www.dralexandregurgel.com.br\/w\/#website"},"datePublished":"2021-05-23T02:42:36+00:00","dateModified":"2021-08-13T19:59:34+00:00","breadcrumb":{"@id":"https:\/\/www.dralexandregurgel.com.br\/w\/atendimentos\/#breadcrumb"},"inLanguage":"pt-BR","potentialAction":[{"@type":"ReadAction","target":["https:\/\/www.dralexandregurgel.com.br\/w\/atendimentos\/"]}]},{"@type":"BreadcrumbList","@id":"https:\/\/www.dralexandregurgel.com.br\/w\/atendimentos\/#breadcrumb","itemListElement":[{"@type":"ListItem","position":1,"name":"In\u00edcio","item":"https:\/\/www.dralexandregurgel.com.br\/w\/"},{"@type":"ListItem","position":2,"name":"Nossos Servi\u00e7os"}]},{"@type":"WebSite","@id":"https:\/\/www.dralexandregurgel.com.br\/w\/#website","url":"https:\/\/www.dralexandregurgel.com.br\/w\/","name":"Espa\u00e7o Veterin\u00e1rio Dr. Alexandre Gurgel","description":"Atendemos Silvestres","publisher":{"@id":"https:\/\/www.dralexandregurgel.com.br\/w\/#organization"},"potentialAction":[{"@type":"SearchAction","target":{"@type":"EntryPoint","urlTemplate":"https:\/\/www.dralexandregurgel.com.br\/w\/?s={search_term_string}"},"query-input":"required name=search_term_string"}],"inLanguage":"pt-BR"},{"@type":"Organization","@id":"https:\/\/www.dralexandregurgel.com.br\/w\/#organization","name":"Espa\u00e7o Veterin\u00e1rio Dr Alexandre Gurgel","url":"https:\/\/www.dralexandregurgel.com.br\/w\/","logo":{"@type":"ImageObject","inLanguage":"pt-BR","@id":"https:\/\/www.dralexandregurgel.com.br\/w\/#\/schema\/logo\/image\/","url":"http:\/\/www.dralexandregurgel.com.br\/w\/wp-content\/uploads\/2021\/06\/cropped-logo_DrAlexandre.png","contentUrl":"http:\/\/www.dralexandregurgel.com.br\/w\/wp-content\/uploads\/2021\/06\/cropped-logo_DrAlexandre.png","width":218,"height":80,"caption":"Espa\u00e7o Veterin\u00e1rio Dr Alexandre Gurgel"},"image":{"@id":"https:\/\/www.dralexandregurgel.com.br\/w\/#\/schema\/logo\/image\/"},"sameAs":["https:\/\/www.facebook.com\/Drgurgel\/"]}]}},"_links":{"self":[{"href":"https:\/\/www.dralexandregurgel.com.br\/w\/wp-json\/wp\/v2\/pages\/16"}],"collection":[{"href":"https:\/\/www.dralexandregurgel.com.br\/w\/wp-json\/wp\/v2\/pages"}],"about":[{"href":"https:\/\/www.dralexandregurgel.com.br\/w\/wp-json\/wp\/v2\/types\/page"}],"author":[{"embeddable":true,"href":"https:\/\/www.dralexandregurgel.com.br\/w\/wp-json\/wp\/v2\/users\/1"}],"replies":[{"embeddable":true,"href":"https:\/\/www.dralexandregurgel.com.br\/w\/wp-json\/wp\/v2\/comments?post=16"}],"version-history":[{"count":4,"href":"https:\/\/www.dralexandregurgel.com.br\/w\/wp-json\/wp\/v2\/pages\/16\/revisions"}],"predecessor-version":[{"id":291,"href":"https:\/\/www.dralexandregurgel.com.br\/w\/wp-json\/wp\/v2\/pages\/16\/revisions\/291"}],"wp:attachment":[{"href":"https:\/\/www.dralexandregurgel.com.br\/w\/wp-json\/wp\/v2\/media?parent=16"}],"curies":[{"name":"wp","href":"https:\/\/api.w.org\/{rel}","templated":true}]}}